*z + 28. Give c(-17).
-6
Let w(k) = 16*k + 539. Determine w(-34).
-5
Let n(h) = h**2 - 34*h + 284. Determine n(19).
-1
Let z(y) = -y + 9. Give z(14).
-5
Let y(b) = b**3 + 39*b**2 - 41*b - 39. What is y(-40)?
1
Let r(p) = -22*p - 139. Give r(-9).
59
Let s(i) = -20*i + 21. Determine s(1).
1
Let u(r) = -r**3 - 10*r**2 - r - 4. Calculate u(-10).
6
Let w(n) = -n**3 - 6*n**2 - 2*n + 2. Give w(-3).
-19
Let n(b) = b**3 + 35*b**2 + 3*b + 105. Determine n(-35).
0
Let i(r) = 5*r**2 - r + 1. Determine i(-1).
7
Let j(y) = y**3 - 6*y**2 - 12*y - 17. Determine j(8).
15
Let w(b) = -2*b**2 + 8*b + 17. Calculate w(10).
-103
Let q(l) = 3*l + 17. Determine q(-5).
2
Let p(k) = k**3 + 7*k**2 + 5*k - 5. Calculate p(-6).
1
Let n(k) = 3*k**2 - 29*k + 66. Give n(3).
6
Let c(l) = l**3 + 13*l**2 + 13*l + 9. What is c(-12)?
-3
Let r(m) = -10*m - 31. Calculate r(5).
-81
Let t(k) = -k**3 - 13*k**2 + 7*k - 7. Give t(-13).
-98
Let g(j) = 4*j**3 - j**2 - 3*j - 2. Give g(-2).
-32
Let m(v) = -2*v**2 + 12*v + 4. Calculate m(5).
14
Let g(c) = 24*c**2 - 16*c + 1. Calculate g(-1).
41
Let y(t) = 12*t - 15. Calculate y(2).
9
Let y(n) = 3*n + 9. What is y(-11)?
-24
Let i(m) = 7*m + 14. Give i(-3).
-7
Let z(x) = 12*x + 2. Determine z(2).
26
Let f(t) = 4*t**2 + 4*t - 1. Calculate f(-3).
23
Let t(o) = o**3 - 7*o**2 + 4*o - 2. Calculate t(4).
-34
Let k(s) = -s**2 - 13*s + 15. Determine k(-11).
37
Let n(d) = -9*d**2 - 39*d - 7. Calculate n(-3).
29
Let p(n) = n**3 - 7*n**2 + 8*n - 13. What is p(6)?
-1
Let z(h) = -h**3 + 53*h**2 - 5. Determine z(53).
-5
Let a(h) = 23*h**2 - h. What is a(1)?
22
Let u(q) = 2*q - 46. Give u(26).
6
Let n(j) = 21*j - 85. Calculate n(4).
-1
Let c(t) = 3*t**3 - 3*t**2 + 2*t - 1. What is c(1)?
1
Let s(c) = 11*c + 12. Determine s(-5).
-43
Let b(h) = h**3 - 2*h**2 + 2. What is b(2)?
2
Let c(r) = -r + 14. Calculate c(17).
-3
Let k(a) = 2*a + 28. Calculate k(-15).
-2
Let t(l) = -6*l**3 + l. What is t(-2)?
46
Let h(z) = -82*z + 489. Give h(6).
-3
Let k(w) = -w**3 + 24*w**2 + 81*w - 7. Give k(27).
-7
Let m(u) = 5*u**2 - 2*u + 1. Give m(1).
4
Let c(m) = m**3 + 6*m**2 + 2*m + 4. Give c(-6).
-8
Let q(o) = -o**3 + 8*o**2 + 7. Calculate q(8).
7
Let t(k) = -5*k - 34. Calculate t(-8).
6
Let j(k) = -k**3 + 37*k**2 - 71*k + 39. Give j(35).
4
Let u(j) = j**2 + 6*j - 9. Determine u(-8).
7
Let p(x) = -2*x**2 - 5*x + 8. What is p(-4)?
-4
Let x(z) = -z**2 + z + 3. Calculate x(0).
3
Let h(p) = -p**3 - 6*p**2 - 6*p + 1. Give h(-6).
37
Let t(b) = 7*b - 13. Determine t(7).
36
Let k(t) = 2*t + 7. Calculate k(-3).
1
Let d(p) = 4*p + 8. Determine d(-5).
-12
Let t(w) = -w**3 + 12*w**2 - 14*w + 4. Determine t(11).
-29
Let o(i) = -97*i - 12. What is o(1)?
-109
Let c(q) = q**3 + 2*q**2 - q + 5. Give c(-3).
-1
Let z(k) = k**3 - 17*k**2 - 33*k - 17. Determine z(19).
78
Let r(q) = -q**2 + 7*q - 9. What is r(5)?
1
Let g(u) = -u**2 - 10*u - 15. What is g(-5)?
10
Let w(o) = o**2 + 14*o. What is w(-14)?
0
Let l(x) = 11*x + 8. Calculate l(2).
30
Let q(t) = -15*t + 6. Calculate q(1).
-9
Let k(j) = j**3 + 13*j**2 + 13*j - 6. Calculate k(-12).
-18
Let t(q) = 11*q - 4. What is t(1)?
7
Let s(h) = h**3 + h**2 + 2*h - 7. Give s(3).
35
Let c(s) = -2*s**3 - 6*s + 12. Give c(4).
-140
Let w(u) = -22*u - 2. Determine w(2).
-46
Let p(n) = -n - 11. Calculate p(-17).
6
Let w(i) = -4*i + 4. Give w(-2).
12
Let v(f) = -2*f**2 - 19*f - 13. Give v(-9).
-4
Let h(x) = -x**2 - 12*x - 10. Give h(-10).
10
Let r(x) = -x**3 - 5*x**2 - 3*x - 6. What is r(-5)?
9
Let n(j) = j**2 + 12*j + 1. Give n(-7).
-34
Let x(n) = -n**2 + 9*n - 11. Calculate x(5).
9
Let r(g) = g**3 - 10*g**2 + 9*g + 4. Determine r(9).
4
Let l(t) = 3*t**3 - 32*t**2 + 18*t + 17. Calculate l(10).
-3
Let k(o) = o + 5. Determine k(-1).
4
Let y(p) = -p**3 - 9*p**2 - 17*p - 4. Determine y(-6).
-10
Let i(z) = -39*z + 187. What is i(5)?
-8
Let x(a) = a**3 - 4*a**2 - a + 5. What is x(3)?
-7
Let s(v) = 5*v + 26. Calculate s(-8).
-14
Let h(i) = -i**3 + i**2 + 5*i + 1. Determine h(3).
-2
Let c(w) = 16*w - 269. What is c(16)?
-13
Let d(a) = -2*a**3 + 9*a**2 - 6*a - 5. Calculate d(5).
-60
Let v(b) = 5*b**3 - 3*b**2 + 4. What is v(-2)?
-48
Let b(f) = -f**3 + 13*f**2 + 19*f - 61. What is b(14)?
9
Let j(i) = i**3 - 41*i**2 + 43*i - 137. Calculate j(40).
-17
Let c(z) = -62*z - 126. What is c(-2)?
-2
Let i(n) = n**3 + 12*n**2 - n + 14. What is i(-12)?
26
Let d(l) = -l**3 + 19*l**2 + 63*l + 50. What is d(22)?
-16
Let d(w) = -13*w**3 + 2*w - 1. Give d(1).
-12
Let j(l) = -l**3 + 9*l**2 - 16*l - 22. Calculate j(5).
-2
Let o(r) = 36*r + 320. Determine o(-9).
-4
Let c(q) = -q**2 - 6*q - 1. Calculate c(-6).
-1
Let d(b) = b**2 + 4*b + 5. Calculate d(-2).
1
Let t(i) = -5*i + 88. What is t(18)?
-2
Let r(s) = -s**3 - 4*s**2 + 2*s + 6. Determine r(-4).
-2
Let u(c) = -7*c - 100. Determine u(-15).
5
Let x(m) = m**3 + 18*m**2 - 3*m - 6. Determine x(-18).
48
Let u(p) = -p + 7. Calculate u(5).
2
Let q(o) = o**2 - o - 6. What is q(4)?
6
Let c(a) = -a**2 + 19*a - 70. Give c(5).
0
Let z(v) = -4*v - 34. Calculate z(-10).
6
Let l(g) = 5*g**2 - 54*g + 11. What is l(10)?
-29
Let w(g) = -g**3 + 14*g**2 + 46*g + 74. What is w(17)?
-11
Let q(i) = i**3 + 3*i**2 + 3*i. Determine q(-4).
-28
Let z(p) = -162*p - 1456. What is z(-9)?
2
Let o(u) = -39*u**2 - u. What is o(-1)?
-38
Let c(s) = s - 43. Determine c(25).
-18
Let l(n) = -n**2 + 4. Give l(0).
4
Let p(b) = b**3 + 14*b**2 + 15*b + 25. What is p(-13)?
-1
Let r(j) = 7*j**2 + 5*j + 5. Determine r(-2).
23
Let l(u) = -28*u - 133. Determine l(-5).
7
Let h(v) = 4*v + 1. Give h(-2).
-7
Let j(w) = 5*w + 3. Calculate j(-7).
-32
Let q(t) = -t**3 + 9*t**2 - 6. Give q(9).
-6
Let j(f) = f**3 - 2*f**2 + 4*f - 6. What is j(3)?
15
Let r(d) = -d**2 - d - 7. Give r(-6).
-37
Let g(q) = -q**3 + q**2 + q - 4. Calculate g(0).
-4
Let g(f) = 38*f + 16. Give g(4).
168
Let d(v) = v**3 + 3*v**2 - 3. What is d(-2)?
1
Let f(u) = -u - 4. Calculate f(-5).
1
Let q(r) = r**2 - 18*r - 171. Determine q(25).
4
Let q(c) = 2*c**2 + 12*c - 3. What is q(-4)?
-19
Let d(k) = -4*k - 7. Give d(2).
-15
Let h(j) = -j**3 - 20*j**2 - 34*j + 80. Determine h(-18).
44
Let s(r) = r - 5. Calculate s(9).
4
Let m(r) = -r**3 - 11*r**2 - 8*r + 11. Give m(-11).
99
Let l(g) = -g**2 + 33*g - 217. Calculate l(22).
25
Let x(b) = -b**2 + 11*b - 13. Give x(9).
5
Let v(d) = -d**3 + 4*d**2 + 6*d + 10. Give v(6).
-26
Let m(z) = -z**2 - 6*z + 4. Give m(-6).
4
Let l(y) = y**3 + 10*y**2 + 6*y - 11. Calculate l(-8).
69
Let h(d) = -5*d**2 - 45*d + 7. Determine h(-9).
7
Let a(c) = 4*c - 15. Calculate a(3).
-3
Let l(v) = 2*v**2 + 3*v - 3. Calculate l(-3).
6
Let n(k) = k**3 - 13*k**2 + 2. Calculate n(13).
2
Let x(l) = -2*l**3 - 87*l**2 - 41*l + 71. Calculate x(-43).
-15
Let c(g) = -g**3 - 36*g**2 - 8. Determine c(-36).
-8
Let c(z) = -z**3 + 12*z**2 + 28*z + 7. Determine c(14).
7
Let s(b) = b**2 - 12*b - 28. Calculate s(14).
0
Let f(i) = -i**3 + 10*i**2 - 12*i + 1. Give f(9).
-26
Let w(m) = -m**3 - 6*m**2 + 7*m + 6. Determine w(-7).
6
Let z(j) = -j - 10. Calculate z(5).
-15
Let k(t) = t**3 + 11*t**2 - 28*t - 31. Give k(-13).
-5
Let y(z) = z + 7. What is y(-5)?
2
Let y(l) = 9*l - 9. What is y(-4)?
-45
Let u(q) = q**2 + 17*q + 54. What is u(-13)?
2
Let f(x) = -x**3 + x**2 + 8*x + 4. Calculate f(4).
-12
Let g(x) = x**2 - 6*x - 10. Give g(6).
-10
Let c(o) = o**3 - 8*o + 6. Give c(2).
-2
Let p(t) = t**3 - 18*t**2 + 16*t + 23. Determine p(17).
6
Let n(v) = -v**3 - 7*v**2 - 11*v - 5. Determine n(-5).
0
Let i(g) = -2*g**2 + 4*g - 4. What is i(4)?
-20
Let a(j) = 5*j**2 - 4. Give a(2).
16
Let c(g) = 48*g**3 - 3*g - 3. Determine c(-1).
-48
Let g(m) = m**3 - 12*m**2 + 7*m - 14. Give g(11).
-58
Let h(m) = -8*m - 33. What is h(-4)?
-1
Let t(b) = b**3 + 17*b**2 + 27*b - 46. Give t(-15).
-1
Let i(s) = 3*s**3 + s**2 - s + 1. Determine i(-2).
-17
Let u(j) = -j**3 + 3*j**2 - 2*j + 6. What is u(3)?
0
Let y(i) = i**2 - 10*i - 15. Determine y(11).
-4
Let v(r) = r - 4. What is v(-4)?
-8
Let n(d) = -5*d**2 - 37*d + 6. Give n(-7).
20
Let c(o) = -2*o**3 - 16*o**2 - 14*o - 9. Determine c(-7).
-9
Let j(i) = i**3 + 8*i**2 - 11*i + 2. Give j(-9).
20
Let f(m) = -2*m**2 - 10*m - 7. Give f(-6).
-19
Let f(k) = 14*k**2 + 2*k - 1. Give f(1).
15
Let a(g) = 18*g - 13. Give a(1).
5
Let i(b) = -b**2 + 3*b + 3. Determine i(3).
3
Let m(i) = -i + 11. What is m(-7)?
18
Let x